{"id":5697,"date":"2025-05-13T15:19:36","date_gmt":"2025-05-13T15:19:36","guid":{"rendered":"https:\/\/medicateint.tn\/?page_id=5697"},"modified":"2025-05-16T13:13:22","modified_gmt":"2025-05-16T13:13:22","slug":"orientation-medicale","status":"publish","type":"page","link":"https:\/\/medicateint.tn\/?page_id=5697","title":{"rendered":"R\u00e9seau M\u00e9dical Local"},"content":{"rendered":"\t\t<div data-elementor-type=\"wp-page\" data-elementor-id=\"5697\" class=\"elementor elementor-5697\">\n\t\t\t\t<div class=\"elementor-element elementor-element-56a3d4d20 e-flex e-con-boxed wpr-particle-no wpr-jarallax-no wpr-sticky-section-no e-con e-parent\" data-id=\"56a3d4d20\" data-element_type=\"container\" data-settings=\"{&quot;background_background&quot;:&quot;gradient&quot;}\">\n\t\t\t\t\t<div class=\"e-con-inner\">\n\t\t<div class=\"elementor-element elementor-element-124ee0a6 e-con-full e-flex wpr-particle-no wpr-jarallax-no wpr-parallax-no wpr-sticky-section-no e-con e-child\" data-id=\"124ee0a6\" data-element_type=\"container\">\n\t\t\t\t<div class=\"elementor-element elementor-element-4e2ad08 elementor-widget elementor-widget-heading\" data-id=\"4e2ad08\" data-element_type=\"widget\" data-widget_type=\"heading.default\">\n\t\t\t\t<div class=\"elementor-widget-container\">\n\t\t\t\t\t<h2 class=\"elementor-heading-title elementor-size-default\">R\u00e9seau M\u00e9dical Local<\/h2>\t\t\t\t<\/div>\n\t\t\t\t<\/div>\n\t\t\t\t<\/div>\n\t\t\t\t\t<\/div>\n\t\t\t\t<\/div>\n\t\t<div class=\"elementor-element elementor-element-386c5875 e-flex e-con-boxed wpr-particle-no wpr-jarallax-no wpr-parallax-no wpr-sticky-section-no e-con e-parent\" data-id=\"386c5875\" data-element_type=\"container\">\n\t\t\t\t\t<div class=\"e-con-inner\">\n\t\t<div class=\"elementor-element elementor-element-2b054b2d e-con-full elementor-hidden-tablet e-flex wpr-particle-no wpr-jarallax-no wpr-parallax-no wpr-sticky-section-no elementor-invisible e-con e-child\" data-id=\"2b054b2d\" data-element_type=\"container\" data-settings=\"{&quot;animation&quot;:&quot;slideInLeft&quot;}\">\n\t\t\t\t<div class=\"elementor-element elementor-element-2206b415 elementor-widget elementor-widget-image\" data-id=\"2206b415\" data-element_type=\"widget\" data-widget_type=\"image.default\">\n\t\t\t\t<div class=\"elementor-widget-container\">\n\t\t\t\t\t\t\t\t\t\t\t\t\t\t\t<img fetchpriority=\"high\" decoding=\"async\" width=\"640\" height=\"617\" src=\"https:\/\/medicateint.tn\/wp-content\/uploads\/2022\/08\/hero_image_home_03.png\" class=\"attachment-large size-large wp-image-1838\" alt=\"\" srcset=\"https:\/\/medicateint.tn\/wp-content\/uploads\/2022\/08\/hero_image_home_03.png 830w, https:\/\/medicateint.tn\/wp-content\/uploads\/2022\/08\/hero_image_home_03-640x617.png 640w, https:\/\/medicateint.tn\/wp-content\/uploads\/2022\/08\/hero_image_home_03-768x740.png 768w, https:\/\/medicateint.tn\/wp-content\/uploads\/2022\/08\/hero_image_home_03-320x308.png 320w\" sizes=\"(max-width: 640px) 100vw, 640px\" \/>\t\t\t\t\t\t\t\t\t\t\t\t\t\t\t<\/div>\n\t\t\t\t<\/div>\n\t\t\t\t<\/div>\n\t\t<div class=\"elementor-element elementor-element-2c3159aa e-con-full e-flex wpr-particle-no wpr-jarallax-no wpr-parallax-no wpr-sticky-section-no elementor-invisible e-con e-child\" data-id=\"2c3159aa\" data-element_type=\"container\" data-settings=\"{&quot;animation&quot;:&quot;slideInRight&quot;}\">\n\t\t\t\t<div class=\"elementor-element elementor-element-4f2b812 elementor-widget elementor-widget-elementskit-heading\" data-id=\"4f2b812\" data-element_type=\"widget\" data-widget_type=\"elementskit-heading.default\">\n\t\t\t\t<div class=\"elementor-widget-container\">\n\t\t\t\t\t<div class=\"ekit-wid-con\" ><div class=\"ekit-heading elementskit-section-title-wraper text_left   ekit_heading_tablet-   ekit_heading_mobile-\"><h3 class=\"elementskit-section-subtitle  elementskit-style-border\">\n\t\t\t\t\t\t \u00c0 propos\n\t\t\t\t\t<\/h3><h2 class=\"ekit-heading--title elementskit-section-title \">Notre R\u00e9seau M\u00e9dical Local<\/h2>\t\t\t\t<div class='ekit-heading__description'>\n\t\t\t\t\t<p><span class=\"_fadeIn_m1hgl_8\">Le <\/span><span class=\"_fadeIn_m1hgl_8\">r\u00e9seau <\/span><span class=\"_fadeIn_m1hgl_8\">m\u00e9dical <\/span><span class=\"_fadeIn_m1hgl_8\">local <\/span><span class=\"_fadeIn_m1hgl_8\">de <\/span><span class=\"_fadeIn_m1hgl_8\">Medicate <\/span><span class=\"_fadeIn_m1hgl_8\">Assurance <\/span><span class=\"_fadeIn_m1hgl_8\">vous <\/span><span class=\"_fadeIn_m1hgl_8\">donne <\/span><span class=\"_fadeIn_m1hgl_8\">acc\u00e8s <\/span><span class=\"_fadeIn_m1hgl_8\">\u00e0 <\/span><span class=\"_fadeIn_m1hgl_8\">un <\/span><span class=\"_fadeIn_m1hgl_8\">ensemble <\/span><span class=\"_fadeIn_m1hgl_8\">d\u2019\u00e9tablissements <\/span><span class=\"_fadeIn_m1hgl_8\">de <\/span><span class=\"_fadeIn_m1hgl_8\">sant\u00e9 <\/span><span class=\"_fadeIn_m1hgl_8\">partenaires <\/span><span class=\"_fadeIn_m1hgl_8\">\u00e0 <\/span><span class=\"_fadeIn_m1hgl_8\">travers <\/span><span class=\"_fadeIn_m1hgl_8\">tout <\/span><span class=\"_fadeIn_m1hgl_8\">le <\/span><span class=\"_fadeIn_m1hgl_8\">territoire <\/span><span class=\"_fadeIn_m1hgl_8\">tunisien. <\/span><span class=\"_fadeIn_m1hgl_8\">Recherchez <\/span><span class=\"_fadeIn_m1hgl_8\">facilement <\/span><span class=\"_fadeIn_m1hgl_8\">un <\/span><span class=\"_fadeIn_m1hgl_8\">prestataire <\/span><span class=\"_fadeIn_m1hgl_8\">de <\/span><span class=\"_fadeIn_m1hgl_8\">soins, <\/span><span class=\"_fadeIn_m1hgl_8\">consultez <\/span><span class=\"_fadeIn_m1hgl_8\">ses <\/span><span class=\"_fadeIn_m1hgl_8\">coordonn\u00e9es, <\/span><span class=\"_fadeIn_m1hgl_8\">ses <\/span><span class=\"_fadeIn_m1hgl_8\">services, <\/span><span class=\"_fadeIn_m1hgl_8\">et <\/span><span class=\"_fadeIn_m1hgl_8\">acc\u00e9dez <\/span><span class=\"_fadeIn_m1hgl_8\">aux <\/span><span class=\"_fadeIn_m1hgl_8\">modalit\u00e9s <\/span><span class=\"_fadeIn_m1hgl_8\">de <\/span><span class=\"_fadeIn_m1hgl_8\">prise <\/span><span class=\"_fadeIn_m1hgl_8\">en <\/span><span class=\"_fadeIn_m1hgl_8\">charge <\/span><span class=\"_fadeIn_m1hgl_8\">adapt\u00e9es <\/span><span class=\"_fadeIn_m1hgl_8\">\u00e0 <\/span><span class=\"_fadeIn_m1hgl_8\">votre <\/span><span class=\"_fadeIn_m1hgl_8\">assurance <\/span><span class=\"_fadeIn_m1hgl_8\">sant\u00e9.<\/span><\/p>\n\t\t\t\t<\/div>\n\t\t\t<\/div><\/div>\t\t\t\t<\/div>\n\t\t\t\t<\/div>\n\t\t\t\t<div class=\"elementor-element elementor-element-18f9f95 wpr-feature-list-left wpr-feature-list-square wpr-feature-list-line-yes elementor-widget elementor-widget-wpr-feature-list\" data-id=\"18f9f95\" data-element_type=\"widget\" data-widget_type=\"wpr-feature-list.default\">\n\t\t\t\t<div class=\"elementor-widget-container\">\n\t\t\t\t\t<div class=\"wpr-feature-list-wrap\"><ul class=\"wpr-feature-list\"><li class=\"wpr-feature-list-item elementor-repeater-item-8fde650\"><div class=\"wpr-feature-list-icon-wrap\"><span class=\"wpr-feature-list-line\"><\/span><div class=\"wpr-feature-list-icon-inner-wrap\"><svg aria-hidden=\"true\" class=\"e-font-icon-svg e-fas-map-pin\" viewBox=\"0 0 288 512\" xmlns=\"http:\/\/www.w3.org\/2000\/svg\"><path d=\"M112 316.94v156.69l22.02 33.02c4.75 7.12 15.22 7.12 19.97 0L176 473.63V316.94c-10.39 1.92-21.06 3.06-32 3.06s-21.61-1.14-32-3.06zM144 0C64.47 0 0 64.47 0 144s64.47 144 144 144 144-64.47 144-144S223.53 0 144 0zm0 76c-37.5 0-68 30.5-68 68 0 6.62-5.38 12-12 12s-12-5.38-12-12c0-50.73 41.28-92 92-92 6.62 0 12 5.38 12 12s-5.38 12-12 12z\"><\/path><\/svg><\/div><\/div><div class=\"wpr-feature-list-content-wrap\"><h2 class=\"wpr-feature-list-title\"><a class=\"wpr-feature-list-url\" target=\"_blank\" rel=\"nofollow\">Localisation des \u00e9tablissements<\/a><\/h2><p class=\"wpr-feature-list-description\">Trouvez rapidement une clinique ou un h\u00f4pital partenaire pr\u00e8s de chez vous gr\u00e2ce \u00e0 notre carte interactive.\n\n<\/p><\/div><\/li><li class=\"wpr-feature-list-item elementor-repeater-item-d0e8aef\"><div class=\"wpr-feature-list-icon-wrap\"><span class=\"wpr-feature-list-line\"><\/span><div class=\"wpr-feature-list-icon-inner-wrap\"><svg aria-hidden=\"true\" class=\"e-font-icon-svg e-fas-phone-alt\" viewBox=\"0 0 512 512\" xmlns=\"http:\/\/www.w3.org\/2000\/svg\"><path d=\"M497.39 361.8l-112-48a24 24 0 0 0-28 6.9l-49.6 60.6A370.66 370.66 0 0 1 130.6 204.11l60.6-49.6a23.94 23.94 0 0 0 6.9-28l-48-112A24.16 24.16 0 0 0 122.6.61l-104 24A24 24 0 0 0 0 48c0 256.5 207.9 464 464 464a24 24 0 0 0 23.4-18.6l24-104a24.29 24.29 0 0 0-14.01-27.6z\"><\/path><\/svg><\/div><\/div><div class=\"wpr-feature-list-content-wrap\"><h2 class=\"wpr-feature-list-title\"><a class=\"wpr-feature-list-url\" target=\"_blank\" rel=\"nofollow\">Prise de contact et rendez-vous<\/a><\/h2><p class=\"wpr-feature-list-description\">Acc\u00e9dez aux num\u00e9ros de t\u00e9l\u00e9phone et informations n\u00e9cessaires pour une prise de rendez-vous ou une consultation directe.\n\n<\/p><\/div><\/li><li class=\"wpr-feature-list-item elementor-repeater-item-ecb3356\"><div class=\"wpr-feature-list-icon-wrap\"><span class=\"wpr-feature-list-line\"><\/span><div class=\"wpr-feature-list-icon-inner-wrap\"><svg aria-hidden=\"true\" class=\"e-font-icon-svg e-fas-caravan\" viewBox=\"0 0 640 512\" xmlns=\"http:\/\/www.w3.org\/2000\/svg\"><path d=\"M416,208a16,16,0,1,0,16,16A16,16,0,0,0,416,208ZM624,320H576V160A160,160,0,0,0,416,0H64A64,64,0,0,0,0,64V320a64,64,0,0,0,64,64H96a96,96,0,0,0,192,0H624a16,16,0,0,0,16-16V336A16,16,0,0,0,624,320ZM192,432a48,48,0,1,1,48-48A48.05,48.05,0,0,1,192,432Zm64-240a32,32,0,0,1-32,32H96a32,32,0,0,1-32-32V128A32,32,0,0,1,96,96H224a32,32,0,0,1,32,32ZM448,320H320V128a32,32,0,0,1,32-32h64a32,32,0,0,1,32,32Z\"><\/path><\/svg><\/div><\/div><div class=\"wpr-feature-list-content-wrap\"><h2 class=\"wpr-feature-list-title\"><a class=\"wpr-feature-list-url\" target=\"_blank\" rel=\"nofollow\">Transport m\u00e9dical<\/a><\/h2><p class=\"wpr-feature-list-description\">D\u00e9couvrez les services de transport m\u00e9dical disponibles selon l\u2019\u00e9tablissement (ambulance, prise en charge \u00e0 domicile\u2026).\n\n<\/p><\/div><\/li><li class=\"wpr-feature-list-item elementor-repeater-item-642b04b\"><div class=\"wpr-feature-list-icon-wrap\"><span class=\"wpr-feature-list-line\"><\/span><div class=\"wpr-feature-list-icon-inner-wrap\"><i aria-hidden=\"true\" class=\"fas fa-paint-brush\"><\/i><\/div><\/div><div class=\"wpr-feature-list-content-wrap\"><h2 class=\"wpr-feature-list-title\"><a class=\"wpr-feature-list-url\" target=\"_blank\" rel=\"nofollow\">Conditions de prise en charge<\/a><\/h2><p class=\"wpr-feature-list-description\">Informez-vous sur les horaires d\u2019ouverture, les urgences, les consultations sp\u00e9cialis\u00e9es et les modalit\u00e9s d\u2019accueil.\n\n<\/p><\/div><\/li><\/ul><\/div>\t\t\t\t<\/div>\n\t\t\t\t<\/div>\n\t\t\t\t<\/div>\n\t\t\t\t\t<\/div>\n\t\t\t\t<\/div>\n\t\t\t\t<section class=\"elementor-section elementor-top-section elementor-element elementor-element-5e0620c50 elementor-section-boxed elementor-section-height-default elementor-section-height-default wpr-particle-no wpr-jarallax-no wpr-parallax-no wpr-sticky-section-no\" data-id=\"5e0620c50\" data-element_type=\"section\">\n\t\t\t\t\t\t<div class=\"elementor-container elementor-column-gap-wide\">\n\t\t\t\t\t<div class=\"elementor-column elementor-col-50 elementor-top-column elementor-element elementor-element-543e4fee\" data-id=\"543e4fee\" data-element_type=\"column\">\n\t\t\t<div class=\"elementor-widget-wrap elementor-element-populated\">\n\t\t\t\t\t\t<div class=\"elementor-element elementor-element-424d8d37 elementor-widget elementor-widget-heading\" data-id=\"424d8d37\" data-element_type=\"widget\" data-widget_type=\"heading.default\">\n\t\t\t\t<div class=\"elementor-widget-container\">\n\t\t\t\t\t<h2 class=\"elementor-heading-title elementor-size-default\">Carte interactive de notre r\u00e9seau m\u00e9dical local<\/h2>\t\t\t\t<\/div>\n\t\t\t\t<\/div>\n\t\t\t\t<div class=\"elementor-element elementor-element-4b5c013a elementor-widget-divider--view-line elementor-widget elementor-widget-divider\" data-id=\"4b5c013a\" data-element_type=\"widget\" data-widget_type=\"divider.default\">\n\t\t\t\t<div class=\"elementor-widget-container\">\n\t\t\t\t\t\t\t<div class=\"elementor-divider\">\n\t\t\t<span class=\"elementor-divider-separator\">\n\t\t\t\t\t\t<\/span>\n\t\t<\/div>\n\t\t\t\t\t\t<\/div>\n\t\t\t\t<\/div>\n\t\t\t\t<div class=\"elementor-element elementor-element-39ef57e8 elementor-widget elementor-widget-text-editor\" data-id=\"39ef57e8\" data-element_type=\"widget\" data-widget_type=\"text-editor.default\">\n\t\t\t\t<div class=\"elementor-widget-container\">\n\t\t\t\t\t\t\t\t\t<p><span class=\"_fadeIn_m1hgl_8\">Voici <\/span><span class=\"_fadeIn_m1hgl_8\">une <\/span><span class=\"_fadeIn_m1hgl_8\">vue <\/span><span class=\"_fadeIn_m1hgl_8\">d\u2019ensemble <\/span><span class=\"_fadeIn_m1hgl_8\">des <\/span><span class=\"_fadeIn_m1hgl_8\">principales <\/span><span class=\"_fadeIn_m1hgl_8\">villes <\/span><span class=\"_fadeIn_m1hgl_8\">couvertes <\/span><span class=\"_fadeIn_m1hgl_8\">par <\/span><span class=\"_fadeIn_m1hgl_8\">Medicate <\/span><span class=\"_fadeIn_m1hgl_8\">Assurance.<\/span><br data-start=\"376\" data-end=\"379\" \/><span class=\"_fadeIn_m1hgl_8\">Nos <\/span><span class=\"_fadeIn_m1hgl_8\">\u00e9tablissements <\/span><span class=\"_fadeIn_m1hgl_8\">partenaires <\/span><span class=\"_fadeIn_m1hgl_8\">sont <\/span><span class=\"_fadeIn_m1hgl_8\">r\u00e9partis <\/span><span class=\"_fadeIn_m1hgl_8\">strat\u00e9giquement <\/span><span class=\"_fadeIn_m1hgl_8\">pour <\/span><span class=\"_fadeIn_m1hgl_8\">vous <\/span><span class=\"_fadeIn_m1hgl_8\">garantir <\/span><span class=\"_fadeIn_m1hgl_8\">un <\/span><span class=\"_fadeIn_m1hgl_8\">acc\u00e8s <\/span><span class=\"_fadeIn_m1hgl_8\">rapide <\/span><span class=\"_fadeIn_m1hgl_8\">aux <\/span><span class=\"_fadeIn_m1hgl_8\">soins, <\/span><span class=\"_fadeIn_m1hgl_8\">o\u00f9 <\/span><span class=\"_fadeIn_m1hgl_8\">que <\/span><span class=\"_fadeIn_m1hgl_8\">vous <\/span><span class=\"_fadeIn_m1hgl_8\">soyez.<\/span><\/p>\t\t\t\t\t\t\t\t<\/div>\n\t\t\t\t<\/div>\n\t\t\t\t\t<\/div>\n\t\t<\/div>\n\t\t\t\t<div class=\"elementor-column elementor-col-50 elementor-top-column elementor-element elementor-element-5f629f43\" data-id=\"5f629f43\" data-element_type=\"column\">\n\t\t\t<div class=\"elementor-widget-wrap elementor-element-populated\">\n\t\t\t\t\t\t<div class=\"elementor-element elementor-element-8824f1d elementor-widget elementor-widget-image\" data-id=\"8824f1d\" data-element_type=\"widget\" data-widget_type=\"image.default\">\n\t\t\t\t<div class=\"elementor-widget-container\">\n\t\t\t\t\t\t\t\t\t\t\t\t\t\t\t<img decoding=\"async\" width=\"1044\" height=\"1350\" src=\"https:\/\/medicateint.tn\/wp-content\/uploads\/2025\/05\/Villes-couvertes-par-notre-reseau-1.jpg\" class=\"attachment-1536x1536 size-1536x1536 wp-image-5941\" alt=\"\" srcset=\"https:\/\/medicateint.tn\/wp-content\/uploads\/2025\/05\/Villes-couvertes-par-notre-reseau-1.jpg 1044w, https:\/\/medicateint.tn\/wp-content\/uploads\/2025\/05\/Villes-couvertes-par-notre-reseau-1-640x828.jpg 640w, https:\/\/medicateint.tn\/wp-content\/uploads\/2025\/05\/Villes-couvertes-par-notre-reseau-1-768x993.jpg 768w\" sizes=\"(max-width: 1044px) 100vw, 1044px\" \/>\t\t\t\t\t\t\t\t\t\t\t\t\t\t\t<\/div>\n\t\t\t\t<\/div>\n\t\t\t\t\t<\/div>\n\t\t<\/div>\n\t\t\t\t\t<\/div>\n\t\t<\/section>\n\t\t<div class=\"elementor-element elementor-element-46ad0fd5 e-flex e-con-boxed wpr-particle-no wpr-jarallax-no wpr-parallax-no wpr-sticky-section-no e-con e-parent\" data-id=\"46ad0fd5\" data-element_type=\"container\" data-settings=\"{&quot;background_background&quot;:&quot;classic&quot;}\">\n\t\t\t\t\t<div class=\"e-con-inner\">\n\t\t\t\t<div class=\"elementor-element elementor-element-1c3006d elementor-widget elementor-widget-heading\" data-id=\"1c3006d\" data-element_type=\"widget\" data-widget_type=\"heading.default\">\n\t\t\t\t<div class=\"elementor-widget-container\">\n\t\t\t\t\t<h2 class=\"elementor-heading-title elementor-size-default\"> Cliniques dans le Grand Tunis<\/h2>\t\t\t\t<\/div>\n\t\t\t\t<\/div>\n\t\t\t\t<div class=\"elementor-element elementor-element-54e40fe hide-read-more elementor-widget elementor-widget-shortcode\" data-id=\"54e40fe\" data-element_type=\"widget\" data-widget_type=\"shortcode.default\">\n\t\t\t\t<div class=\"elementor-widget-container\">\n\t\t\t\t\t\t\t<div class=\"elementor-shortcode\"><div id=\"caf-post-layout-container\" class=\"caf-post-layout-container  filter-layout1 post-layout4 data-target-div1\" data-post-type=\"post\" data-tax=\"category\" data-terms=\"44,42,45,43\" data-per-page=\"3\" data-selected-terms=\"44,42,45,43\" data-filter-id=\"5948\" data-post-layout=\"post-layout4\" data-target-div=\"data-target-div1\"><div id=\"caf-filter-layout1\" class='caf-filter-layout data-target-div1 '>\r\n    <ul class=\"caf-filter-container caf-filter-layout1\">\r\n        <li class=\"caf-mb-4\"><a href=\"#\" data-id=\"44,42,45,43\" data-main-id=\"flt\" class=\" abc active\" data-target-div=\"data-target-div1\">All<\/a><\/li><li class='caf-mb-4'><a href='#' data-id='44' data-main-id='flt' data-target-div='data-target-div1' class=''>Djerba<\/a><\/li><li class='caf-mb-4'><a href='#' data-id='42' data-main-id='flt' data-target-div='data-target-div1' class=''>Grand Tunis<\/a><\/li><li class='caf-mb-4'><a href='#' data-id='45' data-main-id='flt' data-target-div='data-target-div1' class=''>Sfax<\/a><\/li><li class='caf-mb-4'><a href='#' data-id='43' data-main-id='flt' data-target-div='data-target-div1' class=''>Sousse<\/a><\/li>    <\/ul>\r\n<\/div><div id='manage-ajax-response' class='caf-row'><div class=\"status\"><i class=\"fa fa-spinner\" aria-hidden=\"true\"><\/i><\/div><div class=\"content\"><\/div><\/div><\/div><\/div>\n\t\t\t\t\t\t<\/div>\n\t\t\t\t<\/div>\n\t\t\t\t\t<\/div>\n\t\t\t\t<\/div>\n\t\t\t\t<\/div>\n\t\t","protected":false},"excerpt":{"rendered":"<p>R\u00e9seau M\u00e9dical Local \u00c0 propos Notre R\u00e9seau M\u00e9dical Local Le r\u00e9seau m\u00e9dical local de Medicate Assurance vous donne acc\u00e8s \u00e0 un ensemble d\u2019\u00e9tablissements de sant\u00e9<\/p>\n","protected":false},"author":3,"featured_media":0,"parent":5240,"menu_order":0,"comment_status":"closed","ping_status":"closed","template":"elementor_header_footer","meta":{"_acf_changed":false,"footnotes":""},"class_list":["post-5697","page","type-page","status-publish","hentry"],"acf":[],"rttpg_featured_image_url":null,"rttpg_author":{"display_name":"medicate tn","author_link":"https:\/\/medicateint.tn\/?author=3"},"rttpg_comment":0,"rttpg_category":null,"rttpg_excerpt":"R\u00e9seau M\u00e9dical Local \u00c0 propos Notre R\u00e9seau M\u00e9dical Local Le r\u00e9seau m\u00e9dical local de Medicate Assurance vous donne acc\u00e8s \u00e0 un ensemble d\u2019\u00e9tablissements de sant\u00e9","_links":{"self":[{"href":"https:\/\/medicateint.tn\/index.php?rest_route=\/wp\/v2\/pages\/5697","targetHints":{"allow":["GET"]}}],"collection":[{"href":"https:\/\/medicateint.tn\/index.php?rest_route=\/wp\/v2\/pages"}],"about":[{"href":"https:\/\/medicateint.tn\/index.php?rest_route=\/wp\/v2\/types\/page"}],"author":[{"embeddable":true,"href":"https:\/\/medicateint.tn\/index.php?rest_route=\/wp\/v2\/users\/3"}],"replies":[{"embeddable":true,"href":"https:\/\/medicateint.tn\/index.php?rest_route=%2Fwp%2Fv2%2Fcomments&post=5697"}],"version-history":[{"count":54,"href":"https:\/\/medicateint.tn\/index.php?rest_route=\/wp\/v2\/pages\/5697\/revisions"}],"predecessor-version":[{"id":5977,"href":"https:\/\/medicateint.tn\/index.php?rest_route=\/wp\/v2\/pages\/5697\/revisions\/5977"}],"up":[{"embeddable":true,"href":"https:\/\/medicateint.tn\/index.php?rest_route=\/wp\/v2\/pages\/5240"}],"wp:attachment":[{"href":"https:\/\/medicateint.tn\/index.php?rest_route=%2Fwp%2Fv2%2Fmedia&parent=5697"}],"curies":[{"name":"wp","href":"https:\/\/api.w.org\/{rel}","templated":true}]}}